*j(x). Is r(-10) a prime number?
False
Let f(r) = 599*r**3 + 3*r**2 + 2*r - 25. Is f(3) a composite number?
True
Let u = -18 - -23. Suppose 2*b = 2*q - 34, q - 131 = u*b - 42. Let d = b - -53. Is d a composite number?
True
Let p be (-2)/(-6) - (-3021)/9. Suppose -2*c + 0*c = -p. Suppose 50 = -2*x - 4*s + c, -2*x - 5*s + 114 = 0. Is x a composite number?
False
Let i(p) = 2*p**3 - 2*p**2 - 11*p - 3. Suppose 5*h = h + 24. Is i(h) prime?
False
Suppose -4*v - 28 = -6*v. Let q(w) = -w**2 + 17*w + 16. Is q(v) a prime number?
False
Let c = -11285 + 21300. Is c composite?
True
Let j(c) = 4*c**3 - 19*c**2 + 3*c - 4. Let h(n) = -5*n**3 + 19*n**2 - 3*n + 3. Let z(q) = 5*h(q) + 6*j(q). Is z(-20) composite?
False
Let b be 2/(22/(-24) - -1). Suppose 4*u = u + b. Suppose u*n - 3*n - 1535 = -3*g, n - 5*g = 307. Is n composite?
False
Is -2135*54/(-9) + 6/2 a prime number?
False
Let k(x) = -9*x**3 + 4*x**2 - 6. Let d(s) = -10*s**3 + 5*s**2 + s - 6. Let r(b) = -5*d(b) + 6*k(b). Is r(-4) prime?
False
Let t be -1 - 0*(0 - -1). Let k(n) = -76*n**3 + n**2 + 2*n + 2. Is k(t) prime?
False
Suppose -l - 92 = 3*u, 7*l = -u + 2*l - 54. Let y = u + 91. Is y a composite number?
True
Suppose -2*d = 3*w - w + 4, -5*w - 38 = -2*d. Is (-2421)/(-15) + 3/(45/w) composite?
True
Suppose -62005 + 24594 = -19*f. Is f prime?
False
Let z(q) = -14*q**2 - 2*q + 6. Let w be z(4). Let r = -147 - w. Is r a composite number?
False
Suppose -4*u + 757 = -3*w, -5*w = -8*u + 3*u + 945. Suppose -7*h = -u - 349. Is h composite?
True
Suppose 4*w = b - 14, 4*b + 1 = 2*w - 5*w. Suppose b*z - 2476 = -2*c, 3 - 6 = z. Is c a prime number?
False
Suppose 10*r - 5*r - 15 = 0. Suppose r*y - y = 0. Suppose -2*u + y*u + 5*b = -64, -4*u = 5*b - 68. Is u composite?
True
Suppose -23*b + 26*b = 2490. Suppose -q + 2*k = -5*q + b, 5*q - 5*k - 1015 = 0. Is q a prime number?
False
Let g = -320 + 873. Is g prime?
False
Suppose -4*w = -9*w. Suppose -v = 4*c - 108, w = c + 5*v - 3*v - 34. Let j = c - 7. Is j a prime number?
True
Let o be 1/3 - (-478)/6. Suppose -1341 = -3*q + 4*k, q - 357 = -2*k + o. Is q composite?
False
Suppose -8*l - 6756 = 98068. Is l/(-11) + 20/(-110) a prime number?
False
Let h be 4/(1*(-4)/(-10)). Let m be 8660/(-580) - (-2)/(-29). Is 879/(-1*m/h) composite?
True
Suppose 2*d - 3*d = 0. Suppose -11*q + 8*q + 339 = d. Is q a composite number?
False
Let u = 1749 + 5090. Is u composite?
True
Let q = 3493 + -2132. Is q prime?
True
Suppose 2*k = 2*c - 0*k + 8, 3*c - 4*k + 16 = 0. Suppose 6 = 3*s, -q - 3*s + 0*s + 3793 = c. Is q a prime number?
False
Let f(m) = 25*m - 21. Suppose 6 = 3*q + 2*j, 16 = q + 2*j - 6*j. Is f(q) a prime number?
True
Let b(m) = -7*m**2 + 4*m - 14. Let j(g) = -7*g**2 + 3*g - 13. Let t(o) = 2*b(o) - 3*j(o). Suppose w + 3 = -5. Is t(w) composite?
False
Suppose 16 + 268 = 4*n. Is n a prime number?
True
Suppose -8*r - 71 + 3711 = 0. Let d = r + 102. Is d a prime number?
True
Let a(r) = 5*r**2 + 14*r + 29. Is a(-8) a composite number?
True
Suppose 5*c + 2*v + 2*v - 48365 = 0, 0 = 4*c + 3*v - 38693. Is c a prime number?
True
Let d = 21 + -5. Let a = -11 + d. Suppose a*r + 2*r = 1561. Is r composite?
False
Suppose -2*h = 3*h. Is 3 + h + (2 + 3316)/3 a prime number?
True
Let l(j) = -j**2 - j + 237. Let r(u) = -u + 1. Let y be r(1). Is l(y) composite?
True
Let d(u) = -u**3 + 4*u**2 - 2*u - 3. Let o be d(3). Suppose n + o*n + 12 = 0. Is 332/10*(-30)/n a composite number?
False
Let t(v) = v**3 - 31*v**2 + 35*v + 74. Is t(33) a composite number?
False
Suppose -100 = 3*f - 8*f - h, -h = -3*f + 68. Suppose -13*l = -f*l + 15896. Is l a composite number?
False
Let x be (1 - 3) + 2 + -3. Let t be (-24)/(-16)*(-2)/x. Is (t - 1098/8)*-4 a prime number?
False
Suppose -5*n - 546 = -3*q, -4*q + 18*n + 693 = 23*n. Is q a prime number?
False
Suppose -77*s + 96183 = -68*s. Is s prime?
True
Let q = 5071 - 3038. Is q prime?
False
Suppose 10*k = 5*k - 2*m + 142, k + 3*m - 18 = 0. Suppose 32*w - k*w = 3814. Is w composite?
False
Suppose -4*i = 2*x - i - 63365, 126757 = 4*x - 3*i. Is x a composite number?
False
Is (2 - 5 - 1) + 1715 composite?
True
Suppose 0 = -5*j - 2*t + 3062, 3*j = -2*t + 1914 - 80. Is j prime?
False
Suppose -935 - 1535 = -5*m. Let h = -171 + m. Is h prime?
False
Suppose 140820 - 19798 = 22*j. Is j composite?
False
Let q(p) = p**3 + 11*p**2 + p + 14. Let l be q(-11). Is (l/2)/1*(-5364)/(-54) prime?
True
Let h be 0 + (5 - (2 + 2)). Suppose 2*y = 11 - h. Suppose 5*f - 5506 = -4*r - 935, y*r - 5689 = 2*f. Is r a composite number?
True
Let d(i) = -6*i**2. Let j be d(-1). Let h be (-4)/j - (-38)/6. Suppose 5*v + 190 = h*v. Is v composite?
True
Is 47/(-3)*-67 - 10/15 a composite number?
False
Suppose 0 = 2*d + 2*d - 44. Suppose 7*r = d*r - 1012. Is r prime?
False
Let p be 2/(-2) + (-1)/((-1)/5). Suppose -3*c - r = -6*r - 5004, 3338 = 2*c - p*r. Is c prime?
True
Let i = 19 - 4. Suppose w = 6*w - i. Suppose 5*f = -x + 2345, w*f - 4*x + 469 = 4*f. Is f composite?
True
Suppose -69*n + 63817 = -56*n. Is n composite?
False
Let x(g) be the first derivative of -g**3/3 - g**2 + 2*g + 7. Let f be x(-2). Is (844/(-8)*f)/(-1) a composite number?
False
Suppose -u - 2*d = -0*u, 5*u = 3*d. Let b(t) = 2*t**2 + 2*t - 2. Let r be b(-2). Suppose c + 2*j - 111 = u, j = -r*j. Is c a prime number?
False
Let z(v) be the first derivative of v**4/4 - 5*v**3/3 + 7*v**2/2 - 14*v - 18. Is z(9) composite?
False
Let v(p) = 10398*p + 83. Is v(3) a prime number?
True
Suppose -2*h - 11 = 41. Let i = -20 - h. Is 16 + (-6)/(i/3) a prime number?
True
Suppose -20*i = -34*i + 24710. Is i composite?
True
Let g = -7 + 4. Let b be 51*(g - -2) + -2. Let r = b - -88. Is r a prime number?
False
Let s(h) = 2*h + 30. Let r be s(-15). Suppose r = 3*b - w - 720 - 271, 0 = 2*b + 4*w - 642. Is b composite?
True
Let z = 28 - 24. Suppose 2 = -s + z. Suppose -k - 1 = -s*d + 4*d, 20 = -4*d. Is k prime?
False
Let o = 638 - 295. Let n be (594/(-110))/(6/(-40)). Let v = o - n. Is v composite?
False
Let u(i) = 198*i**2 - 12*i + 13. Is u(6) a prime number?
True
Let w = -1371 + 2432. Is w a composite number?
False
Let o(r) = -51*r**3 - 4*r**2 - r - 5. Is o(-2) composite?
False
Let g(h) = 37*h**3 - 2. Let a be g(2). Suppose -5*t - 701 = b, -4*b + b = -2*t - a. Let d = 44 - t. Is d prime?
False
Suppose 7 = -5*t - 3. Let y(a) = 18*a**3 + 3*a**2 - a - 2. Let b be y(t). Is (b - -3)*2/(-2) prime?
False
Suppose 2*k - 2*p - 2130 + 776 = 0, -4*k + p + 2696 = 0. Is k a prime number?
True
Let v(l) = 146*l - 229. Is v(13) composite?
False
Let r be 3/(-9) - (-100)/12. Suppose 13 = 3*i - r. Is 0 + 4 + 87*i composite?
False
Is 2640/960 - 151065/(-4) composite?
True
Suppose 34*l - 1812910 = 75824. Is l prime?
False
Let x = -4 + 7. Let b(a) = -2*a + 6*a - a + x*a - 7. Is b(5) a prime number?
True
Suppose 3*n = u - 5632, 3*u - 2*n = 19429 - 2554. Is u composite?
False
Suppose 0 = 6*l + 46 - 10. Let n(s) = 4*s**2 - 10*s - 2. Is n(l) composite?
True
Let i = -34212 - -75241. Is i prime?
False
Suppose m = 4*m - 504. Let h(i) = -5*i**2 - 31*i + 1. Let l be h(-6). Let c = m - l. Is c a composite number?
True
Let s(v) = 489*v - 6. Let a(i) = -488*i + 7. Let c(b) = 4*a(b) + 5*s(b). Is c(3) a prime number?
False
Suppose 5*x - 2 = 4*x. Let h(c) = 3*c - 64. Let z be h(22). Suppose 0 = x*g - m - 18, -z*g = -7*g - 4*m + 71. Is g composite?
False
Let v(f) = -45*f**2 - 2*f - 4. Let d(s) = 89*s**2 + 4*s + 9. Let h(o) = o**2 - 6*o - 2. Let k be h(6). Let i(j) = k*d(j) - 5*v(j). Is i(-3) prime?
True
Suppose 163 = b - 2*s, 2*b + s - 207 - 134 = 0. Let l = b + -27. Is l a composite number?
True
Let p(i) = 8*i**3 - 3*i**2 + 8*i - 16. Let m(j) = 23*j**3 - 8*j**2 + 23*j - 47. Let t(c) = 6*m(c) - 17*p(c). Is t(11) a composite number?
False
Let w(r) = 5*r**2 - 4*r**3 - 10*r + 16*r + 8*r**3 - 11*r**2 + 3 - 9*r. Suppose -2*v - 2*d = -8, 2*d = -5*v + 9 + 17. Is w(v) a prime number?
False
Suppose 58*y + 19378 - 583776 = 0. Is y composite?
True
Suppose 8*h + 50 = -2*h. Is (h - -4 - 1*-5) + 289 composite?
False
Let s(i) = 3*i**2 + 8*i + 3. Let d be s(6). Suppose -d + 4982 = 7*n. Is n a composite number?
True
Suppose -25*o + 22122 = -7*o. Is o a prime number?
True
Suppose 3*d = -5*y + 5 + 6, d - 5 = -3*y. Suppose -5*t - p = -13894, 3*t + d*p = 5*p + 8340. Is t prime?
False
Let w = -99 + 47. Let r =